 composite?
False
Is 35619989 prime?
True
Is 38308613 a composite number?
True
Is 11165237 a composite number?
False
Is 23124253 composite?
True
Is 11927779 a composite number?
True
Is 77299 prime?
False
Is 66322897 a prime number?
True
Is 170695123 composite?
False
Is 717217973 a composite number?
False
Is 38240011 prime?
True
Is 439354833 composite?
True
Is 1387451 prime?
False
Is 172475773 a composite number?
False
Is 3401443 prime?
True
Is 4582199 composite?
False
Is 55203619 a prime number?
True
Is 5740037 a prime number?
False
Is 933617 prime?
False
Is 566686387 a prime number?
True
Is 1056823 prime?
True
Is 179923091 prime?
True
Is 113042803 composite?
False
Is 98844227 a prime number?
False
Is 3512389 prime?
True
Is 1792114339 a prime number?
True
Is 57977585 a composite number?
True
Is 61232477 a prime number?
False
Is 1316573 a prime number?
False
Is 5058341 prime?
True
Is 86276483 a composite number?
False
Is 9496954 a composite number?
True
Is 125520677 prime?
True
Is 66419762 composite?
True
Is 122296619 composite?
True
Is 81140921 composite?
True
Is 5849713 prime?
False
Is 1066577 composite?
False
Is 5829301 a composite number?
False
Is 5154857 composite?
False
Is 300529 composite?
True
Is 77376841 a composite number?
False
Is 349021 prime?
False
Is 2701091 a prime number?
True
Is 10025731 composite?
False
Is 457817 composite?
False
Is 3653651 a composite number?
False
Is 95797087 prime?
False
Is 3050315 composite?
True
Is 4020257 a prime number?
True
Is 11667659 a prime number?
True
Is 41730673 a prime number?
True
Is 596522867 a composite number?
True
Is 22738019 a prime number?
False
Is 143085727 a prime number?
False
Is 55318877 a prime number?
True
Is 3190433 prime?
False
Is 15940657 prime?
True
Is 21624617 composite?
True
Is 42013459 a prime number?
True
Is 5095537 composite?
False
Is 23418823 a prime number?
True
Is 429083 a prime number?
True
Is 2837041 a prime number?
False
Is 913751 composite?
True
Is 2269253 composite?
True
Is 273052331 composite?
False
Is 5599367 a prime number?
True
Is 827503 composite?
True
Is 29688019 prime?
True
Is 1634647739 a prime number?
False
Is 11685061 prime?
True
Is 16641134 prime?
False
Is 2717699 a composite number?
True
Is 38267293 composite?
True
Is 6568399 prime?
True
Is 13299863 a composite number?
True
Is 10281961 composite?
True
Is 379172831 prime?
False
Is 140321 prime?
True
Is 19489709 a composite number?
False
Is 6874607 a prime number?
True
Is 1001209727 composite?
True
Is 111012614 a prime number?
False
Is 18079989 composite?
True
Is 4120153 a prime number?
False
Is 34820259 a prime number?
False
Is 2733657 prime?
False
Is 3972671 prime?
True
Is 61079141 prime?
True
Is 46010467 a composite number?
False
Is 15572443 prime?
True
Is 1718069 prime?
True
Is 1803007 prime?
False
Is 2644613 a prime number?
True
Is 239209 prime?
False
Is 7043741 prime?
False
Is 3037493 composite?
True
Is 4572427 a prime number?
True
Is 645131 a prime number?
True
Is 410661967 composite?
True
Is 65304683 composite?
False
Is 6983861 composite?
True
Is 54987139 a composite number?
False
Is 137178123 a composite number?
True
Is 655103 prime?
True
Is 72068179 prime?
True
Is 2053309 a prime number?
False
Is 438509 a composite number?
True
Is 57758527 prime?
True
Is 54310037 composite?
True
Is 114294289 prime?
False
Is 6601043 a prime number?
False
Is 93811373 a composite number?
False
Is 188660629 prime?
True
Is 3896657 a prime number?
True
Is 78667773 a prime number?
False
Is 2994109 a composite number?
True
Is 93486119 composite?
False
Is 124387997 prime?
False
Is 9416263 a prime number?
True
Is 14906539 composite?
True
Is 11053699 composite?
True
Is 35502693 a prime number?
False
Is 377790107 a composite number?
False
Is 2454587 a composite number?
False
Is 55425533 composite?
True
Is 59951 composite?
False
Is 263897 a composite number?
True
Is 63515551 prime?
False
Is 102735037 a prime number?
True
Is 1710833 prime?
True
Is 53643299 a prime number?
False
Is 51761401 a composite number?
False
Is 6400901 a prime number?
False
Is 52202561 composite?
False
Is 49882489 a composite number?
False
Is 313958723 a composite number?
True
Is 947362411 composite?
False
Is 171303549 a composite number?
True
Is 7562897 a prime number?
True
Is 25017511 prime?
False
Is 28971301 prime?
False
Is 3679471 composite?
True
Is 2887201 prime?
True
Is 6700271 prime?
True
Is 10656743 a prime number?
True
Is 37850221 composite?
False
Is 8108827 prime?
True
Is 13202771 a prime number?
True
Is 307595177 composite?
False
Is 196401367 a composite number?
True
Is 19057651 a prime number?
True
Is 14478449 a prime number?
True
Is 15512998 a composite number?
True
Is 2408389 a prime number?
True
Is 3847421 a prime number?
True
Is 103660723 a prime number?
True
Is 118454321 composite?
False
Is 4277905 composite?
True
Is 20678807 a composite number?
False
Is 291924859 prime?
True
Is 1675655 composite?
True
Is 2269298 prime?
False
Is 66747727 prime?
True
Is 97487513 a composite number?
True
Is 10248341 a composite number?
True
Is 126330397 a prime number?
True
Is 255177583 prime?
False
Is 4263329 prime?
False
Is 31355047 a composite number?
False
Is 9578711 prime?
True
Is 81132307 a composite number?
True
Is 18622067 a composite number?
False
Is 7045657 composite?
False
Is 7608409 prime?
True
Is 235891651 a composite number?
False
Is 53046659 a composite number?
False
Is 228149323 a composite number?
False
Is 8755613 prime?
True
Is 52076877 a prime number?
False
Is 2883431 composite?
False
Is 19708021 a prime number?
True
Is 514832603 a composite number?
True
Is 4387099 prime?
True
Is 311531347 a prime number?
True
Is 25820321 a prime number?
True
Is 2129069 a prime number?
True
Is 87847711 a composite number?
True
Is 40539922 prime?
False
Is 14554741 a composite number?
True
Is 5643353 a prime number?
False
Is 1062001 composite?
False
Is 59808667 a prime number?
True
Is 1063721 composite?
False
Is 245360839 prime?
True
Is 8608391 prime?
False
Is 118344877 composite?
True
Is 1809047 a prime number?
False
Is 5091637 a composite number?
False
Is 103579 a composite number?
True
Is 309157 a prime number?
True
Is 430127539 a composite number?
True
Is 1256389 a prime number?
True
Is 1362131 composite?
False
Is 2741321 a composite number?
True
Is 275959 prime?
False
Is 90522907 composite?
False
Is 156042641 a composite number?
False
Is 8663 prime?
True
Is 9033287 prime?
True
Is 5714609 a composite number?
False
Is 1264009 a composite number?
False
Is 39513997 a prime number?
True
Is 862457 a composite number?
True
Is 22728929 composite?
False
Is 3107303 prime?
True
Is 596924351 a prime number?
True
Is 3726691 a composite number?
False
Is 3052219 a composite number?
True
Is 350288513 composite?
False
Is 30646897 composite?
False
Is 76303681 a composite number?
True
Is 1335023 composite?
False
Is 60805279 a composite number?
False
Is 4881623 prime?
True
Is 98767477 prime?
True
Is 125007131 a prime number?
True
Is 1709047 prime?
True
Is 3916531 composite?
True
Is 578006291 prime?
True
Is 77307983 a composite number?
False
Is 4609879 a composite number?
True
Is 9084065 a prime number?
False
Is 972929 a composite number?
True
Is 34743421 composite?
True
Is 25619599 composite?
True
Is 270540569 prime?
False
Is 205611985 prime?
False
Is 774281 a composite number?
True
Is 2863199 a composite number?
True
Is 41013829 prime?
True
Is 6883153 a prime number?
True
Is 2984291359 a composite number?
True
Is 2027719 composite?
False
Is 17611 prime?
False
Is 231855161 prime?
True
Is 25108307 composite?
True
Is 12363629 a prime number?
True
Is 133112113 prime?
False
Is 29963359 composite?
False
Is 1494043 prime?
False
Is 2040949 a prime number?
False
Is 145052471 prime?
False
Is 406841 composite?
True
Is 55005991 a prime number?
True
Is 19621045 prime?
False
Is 9438538 a prime number?
False
Is 19714943 a prime number?
True
Is 55596643 prime?
True
Is 36765553 a composite number?
True
Is 394103 prime?
False
Is 460702987 composite?
False
Is 135441841 composite?
True
Is 316670111 composite?
True
Is 7597973 a composite number?
True
Is 7770391 a prime number?
True
Is 99614629 prime?
True
Is 1244197 prime?
True
Is 303061133 composite?
True
Is 384677393 a composite num